units digit of -45643*(14 + 225/(-15))?
3
Suppose -34359 = -i - 4*w, 5*i - 3*w - 138938 = 32949. What is the tens digit of i?
7
Suppose -t - 2*h + 58 = -3*t, h - 53 = 2*t. Let y = t + 26. Suppose -f + 22 = y*k, -2*k = 5*f - 3*k - 88. What is the units digit of f?
8
Suppose -3*b - 31 = 3*d + 2*d, -4*b = 3*d + 23. Let f be (-3 + -2)/d - -2. What is the tens digit of 1/(5/2190*f)?
4
Let z(l) = -l**2 + 13*l - 6. Let x be z(12). Suppose -x*s = -2*s - 5*d - 51, d - 43 = -2*s. Suppose -453 = 16*m - s*m. What is the tens digit of m?
5
What is the tens digit of (-105)/10*19/(266/(-13880))?
1
Let h(t) = 2*t**3 + 7*t**2 - 7. Let s be h(-3). Let j be 8/6*(-11 + s). Let q(y) = 2*y**2 + 17*y + 10. What is the tens digit of q(j)?
9
What is the tens digit of (-4879831)/(-721) - (-2)/7*2/(-4)?
6
Suppose 3*t - 9 = 3. Suppose -t*f + 1309 + 167 = 0. What is the units digit of f?
9
Let p be -5*(-1 + 4/20). Suppose -249 = p*a + 171. Let w = 169 + a. What is the tens digit of w?
6
Let k = -18264 - -20666. What is the tens digit of k?
0
Let r = 17766 + -9852. What is the hundreds digit of r?
9
Suppose 3039 = 5*y - 3166. Let f = -594 + y. What is the units digit of f?
7
Suppose -21 = 2*v - 5*v. Suppose 3*j + v + 2 = 0. What is the units digit of 1 - (-1 + j - -1)?
4
Suppose 17*z - 4 = 16*z. Suppose 0 = -4*t + 8, 0 = -0*m + 3*m - t - z. Suppose 4*k - m - 234 = 0. What is the units digit of k?
9
Let d be ((-4)/(-8))/(35/(-10))*-7. What is the units digit of (d - 0) + (-2205)/(-7)?
6
Let b = -41483 + 71137. What is the thousands digit of b?
9
Suppose 12 + 48 = 3*o. Let x(j) = 12 - 4*j - o - 21 + 2*j. What is the units digit of x(-20)?
1
Let n(t) = -t**3 + 90*t**2 - 240*t - 1576. What is the hundreds digit of n(84)?
6
Suppose -21*b + 15812 = 2*f - 25*b, 0 = -5*f + 2*b + 39570. What is the units digit of f?
6
What is the tens digit of -1 + 2 + 42/(-24) + (-883498)/(-56)?
7
Let w(k) be the third derivative of -k**4/12 - 11*k**3/3 + 20*k**2. Let o = -49 + 33. What is the units digit of w(o)?
0
Let c(q) = -q - 6. Let j be c(-4). Let t be 0/3*j/(-6). Suppose t*b + 400 = 5*b. What is the units digit of b?
0
Let i be (-6)/14 + 469/(-49). Let h be i*(33/(-9))/(6/9). Suppose -h*r + 52*r + 543 = 0. What is the units digit of r?
1
What is the tens digit of (-7)/(-2)*((-2)/3)/(28/(-164556))?
1
Let z = 78 + -33. Suppose z = 5*k + 2*w + 3*w, -4*k + 21 = w. Suppose 3*y = -0*y - k*v + 370, 0 = 5*y - 2*v - 582. What is the tens digit of y?
1
Suppose 75*u - 91*u = -158576. What is the thousands digit of u?
9
Suppose -s = -5*o - 630, 2*o - 5*o = -2*s + 371. Let u be -1 + -4 + (-4 - o). Let m = 183 - u. What is the tens digit of m?
6
Suppose -301 = -5*b - 1051. Let c = b + 172. What is the units digit of c?
2
Let p = 6506 - -4961. What is the tens digit of p?
6
Suppose 0 = -5*f - 4*z + 3535, -3*f - z = -4*z - 2094. Let n = -317 + f. What is the tens digit of n?
8
Suppose 9*a = 8*a - 2*x + 14614, 5*a + x - 73088 = 0. What is the ten thousands digit of a?
1
Suppose -26*k + 3 = -29*k. Let r be 1/4 + 2378/(-8). What is the units digit of (r/(-6))/(k/(-2))?
9
Suppose v - 31 + 29 = -p, -2*p = -5*v - 11. What is the units digit of (28970/p)/10 + 4/(-6)?
5
Suppose 5*x + 36 - 6 = 0. Let l(n) = -7*n - 11*n - 8 - 11 + 28 + 9*n. What is the units digit of l(x)?
3
Let z be ((-2)/6)/((-2)/12). Suppose -z*p = -7 - 1. What is the tens digit of (16/12)/(p/48)?
1
Suppose -5*j - 10 = 5*b, -4*b + 2*j + 25 = 21. Let u be (1/2)/((-3)/(-12)). Suppose 3*z = 12*o - 7*o - 825, b = u*o + z - 330. What is the tens digit of o?
6
What is the hundreds digit of (248490/20 + 6)*(17 + -11)?
5
Suppose 0 = 8*i - 5494 - 2962. Let j = i + -566. What is the tens digit of j?
9
Suppose -10*w = -13*w + 12. Suppose -w*q + 3846 = 5*m - 7*q, 2*m - 4*q = 1544. Suppose 3*c = 5*k + m, 256 = 6*c - 5*c - 3*k. What is the units digit of c?
6
Let y = 83 + -75. Let v be 128/68 + y/68. Suppose v*p = -5*o + 182, -p + 3*o = 2*o - 98. What is the units digit of p?
6
Suppose 0 = 24*v + 24753 - 192417. What is the tens digit of v?
8
Let l = -2258 - -2646. What is the hundreds digit of l?
3
Let a be (-375568)/(-88) + (42/(-11) - -4). What is the hundreds digit of a/26 - (-40)/(-260)?
1
Let v be ((-1)/3)/((-28)/252). Suppose 2*d = v*l - 179, 0 = -4*l - 0*l - d + 246. What is the units digit of l/2*(24 - 22)?
1
Suppose 4*i + 12 = -136. Let q = i + 71. Let k = 16 + q. What is the units digit of k?
0
Let p = -596 - -588. Let r(j) = -5*j - 7*j**2 + 6*j**2 - 7 - 9*j - 11. What is the tens digit of r(p)?
3
Suppose 5*p + 6*t = 5*t + 1645, -t - 5 = 0. Let d = p + -131. What is the units digit of d?
9
Let c be -4 + 2 - (-3 + -168). Suppose -8*f = -1098 + 306. Let m = c - f. What is the units digit of m?
0
Let c(y) = -72*y + 4050. What is the thousands digit of c(-41)?
7
Let r(d) = 5*d**2 + 37*d + 4. Let i(z) = -z**3 - 3*z**2 + 10*z - 2. Let c be i(-5). Let h be (2/(-6))/(c/(-66)). What is the tens digit of r(h)?
0
Suppose -i + 7 = -g, 43*g = i + 46*g + 1. Suppose 0*f + i*f = 2*o + 5365, -4292 = -4*f - 4*o. What is the tens digit of f?
7
Let q = -48119 + 87039. What is the units digit of q?
0
Suppose -5*y - 26 = -4*a + 29, -25 = -4*a - 5*y. Suppose -8*c + 3*q - 205 = -a*c, -5*c = q - 480. Suppose -8*m + 1487 = c. What is the hundreds digit of m?
1
Suppose -s + 572 + 12954 = 0. Suppose -s + 3817 = -19*a. What is the tens digit of a?
1
Let f(b) = b**3 + 7*b**2 - 7*b + 8. Let c be f(-8). Suppose t = r, c = -r + 5*r + t - 25. Suppose -6*v + r*v + 11 = 0. What is the units digit of v?
1
Suppose 48*t + 56969 = 464201. What is the tens digit of t?
8
Let k(w) = 4*w**2 + 93*w + 20. Let p be k(-24). Let m = 651 + p. What is the tens digit of m?
4
Let s be (-179)/1253*0/2. Let q be ((-16)/6)/(2/(-9)). Suppose s = -q*g + 23*g - 550. What is the tens digit of g?
5
Let s(r) = -439*r + 6421. What is the tens digit of s(-49)?
3
Suppose -3*i = -3*k - 66, -k + 2*k + 6 = -3*i. Let r be (-500)/(-225) + 4/k. Suppose -73 = -q - 2*d, d = r*q + 2*d - 158. What is the tens digit of q?
8
Suppose 3*r - 2*r = 45. Let u = -41 + r. Suppose 10 = -5*w, u*n - 398 = -2*w + 5*w. What is the tens digit of n?
9
Let q(f) = 5*f**2 - 4*f - 4. Let g be q(-1). Suppose g*j + 6*j - 11627 = 0. What is the tens digit of j?
5
Suppose -s + 5*n - n = -14, s - 5*n - 17 = 0. Suppose 18 = 3*j + 4*p, -s*j + 0*j - p = -17. Suppose 0 = -0*f + j*f - 1200. What is the tens digit of f?
2
Let f(g) = 11*g - 27. Let l(k) = -20*k + 54. Let w(x) = -5*f(x) - 2*l(x). Let y be w(-4). Suppose y*j - 294 = 84*j. What is the units digit of j?
8
Suppose -625*v + 23*v + 25150958 = 0. What is the tens digit of v?
7
Let g(t) = -t**3 + 20*t**2 + 3*t - 68. Let f(k) = k + 2. Let c(o) = 3*f(o) + g(o). What is the units digit of c(17)?
7
Suppose -2*c + 5 = -3*s, 2*c = -8*s + 6*s. What is the units digit of (s + (-40)/(-6))*(-25 - -223)?
2
Suppose -9810 = -r + 5*s, -35*s + 9842 = r - 32*s. What is the hundreds digit of r?
8
Suppose -4*m = -5*t - 9684, 2*m - 4142 - 686 = -t. What is the tens digit of m?
1
Suppose -21 = -4*j - 13. Let o be (j/2)/(1/158). Let u = -88 + o. What is the units digit of u?
0
Let c(k) = 43*k + 332. Suppose r + 65 = 6*r. What is the tens digit of c(r)?
9
Let r = 52009 + -30996. What is the tens digit of r?
1
Let c(t) be the third derivative of -10*t**4/3 + 35*t**3/3 - 6*t**2 + 4*t. What is the hundreds digit of c(-23)?
9
Let p = 266 - -6. Let o = p + -171. What is the tens digit of o?
0
Let w = 16036 + -8868. What is the hundreds digit of w?
1
Let y(u) = 453*u**2 + 125*u + 76. What is the hundreds digit of y(-6)?
6
Suppose -22689 = -5*r - s, -3*r + 23*s - 20*s + 13617 = 0. What is the hundreds digit of r?
5
Suppose 1842500 + 2002858 - 904968 = 111*s. What is the thousands digit of s?
6
Suppose -16*q = -18*q + 2*t + 5580, 13949 = 5*q - 4*t. Suppose 4*n - q - 159 = 0. What is the tens digit of n?
3
Let g be ((-6)/(((-18)/(-4))/(-3)))/4. Suppose 2*c - 4 = 4*d, -3 - g = -2*c. Suppose d = -l - 2*a + 60 + 140, -600 = -3*l + 3*a. What is the tens digit of l?
0
Let q be (-1934*4/20)/(10/25). Let r = q - -1735. What is the tens digit of r?
6
Let b(i) be the third derivative of i**5/30 - i**4/24 + 31*i**3/6 - 16*i**2. Let x = 131 + -123. What is the tens digit of b(x)?
5
Let s = 23950 - 22776. What is the units digit of 